digit of n?
5
What is the hundreds digit of (1 + (-10)/8)/(75/300) + 2611?
6
Suppose -4*t - 12490 = -5*w, -4*w + 13170 = -3*t + 3178. Let d = w + -1770. What is the tens digit of d?
2
Suppose 44*k + 4 = 45*k. Let w be k/(-2)*(-2 - -4). What is the units digit of 1/(w + (-762)/(-190))?
5
What is the tens digit of ((-30)/35)/(12/(-9576))?
8
Suppose -3269 = -5*t - k, 4*t = 4*k + 805 + 1791. What is the units digit of (-42 - -49) + 1*t?
0
Let d(u) = u**3 + 8*u**2 - 2*u - 25. Let l be d(-8). Let q(f) = -f**3 - 5*f**2 - 8*f + 36. What is the hundreds digit of q(l)?
4
Let s be 303 - ((-15)/(-5))/1. Let l = s + -44. What is the units digit of l?
6
Suppose -4*g + 4*i = -52, g - 4*i - 1 = -7*i. What is the hundreds digit of 4206/g + ((-6)/15)/(-1)?
4
What is the units digit of ((-7046)/10)/(-1) - ((-588)/20 - -29)?
5
Suppose -2*b - 773 - 339 = 0. Let d = -200 - b. What is the hundreds digit of d?
3
Let o = -248 + 253. Suppose o*c - 4204 = 4*u, -u - 1228 - 453 = -2*c. What is the hundreds digit of c?
8
Let v = 808 - 807. Let z(r) be the third derivative of 13*r**5/20 + r**4/6 - r**3/6 - 3*r**2. What is the units digit of z(v)?
2
Let i(s) = -s + 7. Let z be i(3). Suppose -2*r = -z*v + 3*v + 14, -5*v = 4*r + 42. What is the hundreds digit of (218/r)/(11/(-44))?
1
Let g = -98 + 119. Suppose 0 = -19*a + g*a - 718. What is the tens digit of a?
5
Let w(h) = -11*h - 234. Let k be w(-23). Suppose 9955 + 9330 = k*x. What is the units digit of x?
5
Let g be ((-3)/(-6))/((7/(-12))/(-7)). Let x be g*(2/(-13) - (-174)/117). What is the units digit of (x/(-10))/((-6)/315)?
2
Let n = 42 + -37. Suppose 23895 = -n*i + 50*i. What is the tens digit of i?
3
Let s(t) = -33*t - 196. Let b be s(-6). Suppose 0 = -b*k + 646 - 84. What is the tens digit of k?
8
Let k(f) = f**3 + 7*f**2 - 3*f + 2. Let l be k(-6). Let m = 146 + l. What is the hundreds digit of m?
2
Let w = -47985 + 70637. What is the units digit of w?
2
Let q(i) = 17*i**2 - 6 + 3*i**2 - 21*i + 49 + i**3 - 2*i**3. Let a be q(19). Suppose 2*m - g = 191, 8*g = a*g + 9. What is the units digit of m?
7
Suppose -x + 4*y = 62, 2*y - 8 = 6*y. Suppose 116 = -2*b - 3*t + 20, -5*t - 96 = 2*b. Let z = b - x. What is the units digit of z?
2
Suppose -4*b - 5*x = -19362, 5*x - 7084 + 31309 = 5*b. What is the units digit of b?
3
Let w(v) = -2*v**3 - 28*v**2 + 9*v - 8. Let y(q) = 3*q**3 + 25*q**2 - 8*q + 8. Let n(f) = -4*w(f) - 5*y(f). What is the units digit of n(-5)?
2
What is the units digit of (3/(-2))/(24/(-154592))?
2
Let n = 26 + -21. Suppose n*x + 4*j = 318, 2*x - 118 = 3*j - 0*j. Suppose 2*c - 234 = -x. What is the tens digit of c?
8
Let r = 8516 - 8172. What is the units digit of r?
4
Suppose 3*o = 49 + 221. Suppose 6*p - 7*p = -5*w + 20, 0 = 4*w - 3*p - 27. Suppose w*m - 348 = o. What is the tens digit of m?
4
Let u = 21274 + -12382. What is the units digit of u?
2
Suppose u = h + 9, 5*u = -2*h - h + 37. Let g be 30/u + 9/(-12). Suppose 60 = -g*a + 504. What is the units digit of a?
8
Let a be (-18)/30 + 72/20. Let n(u) = 4*u**2 + 2*u + 3. Let s be n(a). Let l = s + -11. What is the units digit of l?
4
Suppose -35142*p + 278960 = -35132*p. What is the ten thousands digit of p?
2
Suppose -5*w = 5*t - 10, -3*w - w = 8. Let y = -10 - -12. Suppose t*o - 192 = -y*f, -o - o = -5*f - 108. What is the units digit of o?
9
Suppose -2*a - y - 494 = -0*y, -2*a + 2*y - 488 = 0. Let q = a + 496. What is the tens digit of q/3 + 20/(-15)?
8
Let m(k) = -k**3 + 2*k**2 + 2*k - 4. Let i be m(4). Let o = i - -412. What is the tens digit of o?
8
Let d(h) = h**3 - 28*h**2 + 14*h - 32. Let o = 129 - 100. Let a be d(o). Suppose a = 5*k + 170. What is the tens digit of k?
0
Let y(c) = -44*c**3 + 11*c**2 + 33*c + 362. What is the hundreds digit of y(-9)?
0
Let v be 6/57 - 6832/(-76). Let w = v - 71. What is the hundreds digit of w*(-54)/12*(-4)/3?
1
Let f(g) = -39*g + 1472. What is the hundreds digit of f(31)?
2
Suppose 2 + 0 = i. Let r be (-4875)/(-90) + i/(-12). Let u = r - -38. What is the units digit of u?
2
Suppose -10*g + 619 = -3431. Let x = g - -477. What is the hundreds digit of x?
8
Let m(w) = -81*w - 3. Let i be m(-1). Let y = i + -76. Suppose 8*a - y*a - 1086 = 0. What is the tens digit of a?
8
Let f be (-1)/((-6)/9)*10/(-15). Let z be f + (-11 - -4) + 3. Let h(v) = -v**2 - 6*v - 2. What is the units digit of h(z)?
3
Suppose -1007 + 107 = -5*y. Let m(w) = -42*w + 4. Let n be m(-2). Let k = y - n. What is the units digit of k?
2
What is the hundreds digit of -10430*((-583)/55 + 10)?
2
Suppose -38 = -3*s + 4*a + 42, -5*s + 3*a = -115. Suppose s*m = 526 + 1334. What is the tens digit of m?
9
Suppose 3*j = 4*z - 145, -z = -0*z - 3*j - 34. Let a = z - 55. Let q = 21 + a. What is the units digit of q?
3
Let u(d) = 21*d**3 - 5*d**2 + 3*d - 10. Let l be u(3). Let c = 843 - l. What is the units digit of c?
2
Let g(x) = 5 + 7*x - 16 + 0*x - 3*x + 3*x + 21*x**2. What is the tens digit of g(3)?
9
Suppose -2*d - 3*t - 4237 + 21413 = 0, 0 = -2*d - t + 17172. What is the tens digit of d?
8
What is the thousands digit of 2/(14601*21/27874 - 11)?
7
Suppose 2*z + 0*x - 2*x - 10 = 0, -2*z + 4*x + 12 = 0. Suppose 0 = z*u + 3*o - 393, 2*u + o - 197 = -0*o. What is the tens digit of u?
9
Suppose 30*d = 28*d + 556. Let c(b) = 5*b + 8. Let z be c(-14). Let a = d + z. What is the units digit of a?
6
Suppose 3*t - 2*x - 15 = 0, -4*t + 39 - 19 = 2*x. Suppose v - 26 = t*n, 6*n - 2*n = 8. What is the tens digit of v?
3
Let a(g) = 225*g**2 - 3*g + 2. Suppose -4 = -8*o + 100. Suppose 4*f - o = 3*d, 4*d + 7 = 4*f - 9. What is the hundreds digit of a(f)?
2
Let i(p) = 12*p**2 + 61*p - 5545. What is the units digit of i(62)?
5
Let k(j) = 129*j**2 - 6*j + 22. Let u be k(4). Suppose 22*w = 3680 + u. What is the units digit of w?
1
Suppose -2*o = 3*o - 2*g - 622, -4*g = 4*o - 520. Suppose 0*s = 2*s - o. Suppose 3*q - 34 = -m + s, 3*m - 4*q = 226. What is the tens digit of m?
8
Suppose 5*u - 15*b + 10*b = -35, -4*u = 5*b + 55. What is the hundreds digit of (-9 - -64 - 7)*u/(-4)?
1
Let r(v) = 53*v**2 - 31*v - 96. Let w be r(-3). Let t = w + 684. What is the thousands digit of t?
1
Let f = -124 + -586. Let u = f - -1019. What is the hundreds digit of u?
3
Let z = -4 + 10. Suppose -2*l + y = z*y - 193, 0 = 4*l - y - 397. Let x = -15 + l. What is the tens digit of x?
8
Let c(b) = -19*b - 7. Let z be c(9). Suppose 0*h - h + 284 = 0. Let q = h + z. What is the units digit of q?
6
Let o(y) = 180*y + 74. Let s be (5 - 7)*((-4)/8 - 1). What is the hundreds digit of o(s)?
6
Let g be (-3)/(-18) - 19135/(-30). Let f = g + -300. What is the units digit of f?
8
Suppose 0 = 2*a - 8, -89*j + 86*j + 3*a + 1854 = 0. What is the hundreds digit of j?
6
Let m be 11/((-11)/6) + 3. Let i(f) = f**3 + 5*f**2 + 8*f + 3. Let s be i(m). What is the units digit of 237 + 2*((-1 - s) + -4)?
3
Let d be ((-16)/6)/((-1)/12). Suppose -22 + d = 5*j. Suppose -240 - 116 = -j*z. What is the hundreds digit of z?
1
Let s(p) = 35*p**3 - 5*p**2 + 17*p - 27. What is the hundreds digit of s(5)?
3
Let m = -163 - -177. Let q = 126 - m. What is the tens digit of q?
1
Suppose 3688*a = 3766*a - 53274. What is the tens digit of a?
8
Let h be (-24)/(-5 - -11) + 4. Suppose h = 8*k - 4*k - b - 2308, 0 = b - 4. What is the hundreds digit of k?
5
Suppose 14*x - 106 = 76. Suppose 6822 - 1193 = x*h. What is the units digit of h?
3
Let x(q) = -318*q**3 + q**2 + 4*q + 6. Let y be x(-2). Suppose -5*m = 5*b - 2525, -7*m + 2*b + y = -2*m. What is the tens digit of m?
0
Suppose 47*l = 53*l - 4086. What is the units digit of l?
1
Let y = 8207 - 4725. What is the tens digit of y?
8
Let j(b) be the second derivative of b**5/20 + b**4 + 4*b**3/3 - 10*b**2 - 132*b. Let g be 1/((-21)/(-11) + -2). What is the units digit of j(g)?
3
Suppose 0 = -3*t - 0*t + 369. Suppose 0 = 3*k - 114 - t. What is the units digit of k?
9
Let r(m) = 264*m**2 + 213*m + 2446. What is the units digit of r(-12)?
6
Let f(b) = 17*b - 10. Let g = -30 + 30. Suppose g*l + 5 = l. What is the tens digit of f(l)?
7
Let g = -228 - -77. Let p = g - -788. What is the tens digit of p?
3
Suppose 3*z = 5*d + 1983, 0 = 2*d - 2*z - 0*z + 794. Let y = 122 - d. What is the hundreds digit of y?
5
Let f(g) = 87*g + 110. Let k be f(7). Suppose -k - 1090 = -2*a - r, 1800 = 2*a - 2*r.